{"id":3,"date":"2025-10-03T06:35:32","date_gmt":"2025-10-02T22:35:32","guid":{"rendered":"http:\/\/prugen.de\/?page_id=3"},"modified":"2025-10-04T04:51:59","modified_gmt":"2025-10-03T20:51:59","slug":"privacy-policy","status":"publish","type":"page","link":"https:\/\/prugen.de\/index.php\/privacy-policy\/","title":{"rendered":"Datenschutzrichtlinie"},"content":{"rendered":"\t\t<div data-elementor-type=\"wp-page\" data-elementor-id=\"3\" class=\"elementor elementor-3\">\n\t\t\t\t<div class=\"elementor-element elementor-element-a27030d e-flex e-con-boxed e-con e-parent\" data-id=\"a27030d\" data-element_type=\"container\">\n\t\t\t\t\t<div class=\"e-con-inner\">\n\t\t\t\t<div class=\"elementor-element elementor-element-1165a18b elementor-widget elementor-widget-text-editor\" data-id=\"1165a18b\" data-element_type=\"widget\" data-widget_type=\"text-editor.default\">\n\t\t\t\t\t\t\t\t\t<h3>Wer wir sind<\/h3>\n<p>Unsere Website-Adresse ist: <a class=\"\" href=\"http:\/\/prugen.de\/\" target=\"_blank\" rel=\"noopener noreferrer\">http:\/\/prugen.de<\/a>.<\/p>\n<h3>Kommentare<\/h3>\n<p>Wenn Besucher Kommentare hinterlassen, sammeln wir die Daten, die im Kommentarformular angezeigt werden, sowie die IP-Adresse und den User-Agent-String des Besuchers, um Spam-Kommentare zu \u00fcberpr\u00fcfen.<\/p>\n<p>Ein anonymisierter String, der aus Ihrer E-Mail-Adresse erstellt wird (auch als Hash bekannt), kann an den Gravatar-Dienst \u00fcbermittelt werden, um zu \u00fcberpr\u00fcfen, ob Sie diesen Dienst nutzen. Die Datenschutzrichtlinie des Gravatar-Dienstes finden Sie hier: <a class=\"\" href=\"https:\/\/automattic.com\/privacy\/\" target=\"_blank\" rel=\"noopener noreferrer\">https:\/\/automattic.com\/privacy\/<\/a>. Nach Genehmigung Ihres Kommentars wird Ihr Profilbild neben Ihrem Kommentar \u00f6ffentlich angezeigt.<\/p>\n<h3>Medien<\/h3>\n<p>Wenn Sie Bilder auf diese Website hochladen, sollten Sie vermeiden, Bilder mit eingebetteten Standortinformationen (EXIF GPS) hochzuladen. Besucher dieser Website k\u00f6nnen die Standortinformationen aus den Bildern dieser Website herunterladen und extrahieren.<\/p>\n<h3>Cookies<\/h3>\n<p>Wenn Sie einen Kommentar auf unserer Website hinterlassen, k\u00f6nnen Sie ausw\u00e4hlen, ob Sie Cookies speichern m\u00f6chten, die Ihren Namen, Ihre E-Mail-Adresse und Ihre Website-Adresse enthalten. Dies dient dazu, Ihnen die Eingabe dieser Informationen bei zuk\u00fcnftigen Kommentaren zu erleichtern. Diese Cookies werden ein Jahr lang gespeichert.<\/p>\n<p>Wenn Sie unsere Anmeldeseite besuchen, setzen wir ein tempor\u00e4res Cookie, um zu \u00fcberpr\u00fcfen, ob Ihr Browser Cookies akzeptiert. Dieses Cookie enth\u00e4lt keine personenbezogenen Daten und wird verworfen, wenn Sie den Browser schlie\u00dfen.<\/p>\n<p>Wenn Sie sich anmelden, setzen wir mehrere Cookies, um Ihre Anmeldeinformationen und Anzeigeoptionen zu speichern. Anmelde-Cookies werden zwei Tage lang gespeichert, w\u00e4hrend die Anzeigeoptionen-Cookies ein Jahr lang gespeichert werden. Wenn Sie die Option \u201eAngemeldet bleiben\u201c w\u00e4hlen, bleibt Ihr Anmeldestatus zwei Wochen lang erhalten. Wenn Sie sich von Ihrem Konto abmelden, werden die zur Anmeldung verwendeten Cookies entfernt.<\/p>\n<p>Wenn Sie einen Artikel bearbeiten oder ver\u00f6ffentlichen, speichern wir ein zus\u00e4tzliches Cookie in Ihrem Browser. Dieses Cookie enth\u00e4lt keine personenbezogenen Daten, sondern nur die ID des Artikels, den Sie gerade bearbeitet haben. Dieses Cookie wird einen Tag lang gespeichert.<\/p>\n<h3>Eingebettete Inhalte von anderen Websites<\/h3>\n<p>Die Artikel auf dieser Website k\u00f6nnen eingebettete Inhalte (z. B. Videos, Bilder, Artikel usw.) enthalten. Das Verhalten von eingebetteten Inhalten von anderen Websites ist dasselbe, als ob Sie diese anderen Websites direkt besuchen.<\/p>\n<p>Diese Websites k\u00f6nnen Daten \u00fcber Sie sammeln, Cookies verwenden, zus\u00e4tzliche Drittanbieter-Tracking-Programme einbetten und Ihre Interaktionen mit diesen eingebetteten Inhalten \u00fcberwachen, einschlie\u00dflich der Verfolgung Ihrer Interaktionen mit den eingebetteten Inhalten, wenn Sie ein Konto bei diesen Websites haben und bei diesen Websites angemeldet sind.<\/p>\n<h3>Mit wem wir Ihre Informationen teilen<\/h3>\n<p>Wenn Sie eine Passwortzur\u00fccksetzung anfordern, wird Ihre IP-Adresse in der Passwortzur\u00fccksetzungs-E-Mail enthalten sein.<\/p>\n<h3>Wie lange wir Ihre Informationen speichern<\/h3>\n<p>Wenn Sie einen Kommentar hinterlassen, werden der Kommentar und die zugeh\u00f6rigen Metadaten unbegrenzt gespeichert. Wir tun dies, um nachfolgende Kommentare automatisch zu erkennen und zu genehmigen, ohne sie in die Warteschlange f\u00fcr die \u00dcberpr\u00fcfung aufnehmen zu m\u00fcssen.<\/p>\n<p>F\u00fcr registrierte Benutzer dieser Website speichern wir auch die pers\u00f6nlichen Informationen, die Benutzer in ihrem Profil bereitstellen. Alle Benutzer k\u00f6nnen jederzeit ihre pers\u00f6nlichen Informationen einsehen, bearbeiten oder l\u00f6schen (au\u00dfer dass sie den Benutzernamen nicht \u00e4ndern k\u00f6nnen). Die Website-Administratoren k\u00f6nnen diese Informationen ebenfalls einsehen und bearbeiten.<\/p>\n<h3>Welche Rechte Sie an Ihren Informationen haben<\/h3>\n<p>Wenn Sie ein Konto auf dieser Website haben oder Kommentare hinterlassen haben, k\u00f6nnen Sie uns bitten, eine Exportdatei der personenbezogenen Daten, die wir \u00fcber Sie haben, bereitzustellen, einschlie\u00dflich aller Daten, die Sie uns zur Verf\u00fcgung gestellt haben. Sie k\u00f6nnen auch verlangen, dass wir alle personenbezogenen Daten \u00fcber Sie l\u00f6schen. Dies gilt nicht f\u00fcr Daten, die wir aus verwaltungstechnischen, rechtlichen oder sicherheitsrelevanten Gr\u00fcnden aufbewahren m\u00fcssen.<\/p>\n<h3>Wohin Ihre Daten gesendet werden<\/h3>\n<p>Besucherkommentare k\u00f6nnen durch einen automatisierten Dienst zur Erkennung von Spam-Kommentaren \u00fcberpr\u00fcft werden.<\/p>\t\t\t\t\t\t\t\t<\/div>\n\t\t\t\t\t<\/div>\n\t\t\t\t<\/div>\n\t\t\t\t<\/div>\n\t\t","protected":false},"excerpt":{"rendered":"<p>Wer wir sind Unsere Website-Adresse ist: http:\/\/prugen.de. Kommentare Wenn Besucher Kommentare hinterlassen, sammeln wir die Daten, die im Kommentarformular angezeigt werden, sowie die IP-Adresse und den User-Agent-String des Besuchers, um Spam-Kommentare zu \u00fcberpr\u00fcfen. Ein anonymisierter String, der aus Ihrer E-Mail-Adresse erstellt wird (auch als Hash bekannt), kann an den Gravatar-Dienst \u00fcbermittelt werden, um zu \u00fcberpr\u00fcfen, [&hellip;]<\/p>\n","protected":false},"author":1,"featured_media":0,"parent":0,"menu_order":0,"comment_status":"closed","ping_status":"open","template":"","meta":{"footnotes":""},"class_list":["post-3","page","type-page","status-publish","hentry"],"_links":{"self":[{"href":"https:\/\/prugen.de\/index.php\/wp-json\/wp\/v2\/pages\/3","targetHints":{"allow":["GET"]}}],"collection":[{"href":"https:\/\/prugen.de\/index.php\/wp-json\/wp\/v2\/pages"}],"about":[{"href":"https:\/\/prugen.de\/index.php\/wp-json\/wp\/v2\/types\/page"}],"author":[{"embeddable":true,"href":"https:\/\/prugen.de\/index.php\/wp-json\/wp\/v2\/users\/1"}],"replies":[{"embeddable":true,"href":"https:\/\/prugen.de\/index.php\/wp-json\/wp\/v2\/comments?post=3"}],"version-history":[{"count":4,"href":"https:\/\/prugen.de\/index.php\/wp-json\/wp\/v2\/pages\/3\/revisions"}],"predecessor-version":[{"id":112,"href":"https:\/\/prugen.de\/index.php\/wp-json\/wp\/v2\/pages\/3\/revisions\/112"}],"wp:attachment":[{"href":"https:\/\/prugen.de\/index.php\/wp-json\/wp\/v2\/media?parent=3"}],"curies":[{"name":"wp","href":"https:\/\/api.w.org\/{rel}","templated":true}]}}